o base 12
-7643
What is -130 (base 9) in base 15?
-73
What is -158 (base 14) in base 8?
-422
Convert 5410 (base 9) to base 16.
f8a
Convert -a16 (base 15) to base 16.
-8df
Convert 1325 (base 6) to base 3.
110122
What is 22211210 (base 3) in base 9?
8753
What is 5324 (base 11) in base 6?
52340
Convert -222111102 (base 3) to base 15.
-5acb
43124 (base 5) to base 4
231202
What is -105 (base 8) in base 16?
-45
Convert -26518 (base 11) to base 8.
-112004
Convert 291 (base 13) to base 4.
13020
What is -2359a (base 11) in base 13?
-12617
Convert -139d (base 15) to base 16.
-1066
-56 (base 14) to base 8
-114
331b (base 12) to base 4
1120013
Convert -145352 (base 8) to base 12.
-2608a
What is -6030 (base 7) in base 4?
-200133
What is -117b5 (base 13) in base 6?
-404321
Convert -32202 (base 4) to base 6.
-4150
What is 2152 (base 6) in base 14?
27a
-b2 (base 13) to base 12
-101
What is -100100011011 (base 2) in base 9?
-3170
What is -87 (base 9) in base 6?
-211
What is 11022102 (base 3) in base 8?
6107
-4102 (base 6) to base 11
-750
Convert -35 (base 7) to base 11.
-24
635 (base 16) to base 8
3065
6533 (base 7) to base 16
917
Convert -130 (base 9) to base 11.
-99
Convert -1101331 (base 5) to base 4.
-10220112
What is -503 (base 8) in base 7?
-641
545 (base 8) to base 3
111020
What is 382 (base 12) in base 16?
212
What is -651 (base 9) in base 6?
-2244
Convert -10101010001101110 (base 2) to base 8.
-252156
334021 (base 5) to base 14
4401
What is -113344 (base 5) in base 6?
-31320
What is -3a7 (base 14) in base 12?
-513
a0 (base 14) to base 10
140
What is 88 (base 9) in base 7?
143
What is 24a8 (base 15) in base 6?
100052
Convert -140a3 (base 11) to base 10.
-20078
Convert 72 (base 14) to base 4.
1210
What is -447 (base 9) in base 6?
-1411
Convert -2697 (base 13) to base 11.
-417a
2042 (base 6) to base 7
1223
What is -24f (base 16) in base 13?
-366
What is 44411 (base 6) in base 9?
8447
What is 1312 (base 5) in base 16?
cf
Convert 2367 (base 15) to base 5.
220042
c30 (base 14) to base 5
34034
384 (base 9) to base 10
319
Convert -6430 (base 7) to base 2.
-100011100011
-120331 (base 4) to base 11
-1222
What is 222010120 (base 3) in base 15?
59a0
Convert -3604 (base 10) to base 15.
-1104
4111340 (base 5) to base 7
364535
Convert -1101124 (base 5) to base 13.
-87bc
What is -22321 (base 4) in base 8?
-1271
-466 (base 12) to base 5
-10104
What is -1316 (base 12) in base 3?
-2222200
-488a (base 14) to base 13
-59c4
1313 (base 9) to base 13
5a9
Convert -103230 (base 5) to base 7.
-13252
Convert -7516 (base 9) to base 2.
-1010110010011
Convert -762 (base 13) to base 4.
-103233
Convert -25c (base 15) to base 5.
-4122
Convert 1212302 (base 5) to base 16.
592b
Convert c42 (base 15) to base 8.
5312
3123 (base 7) to base 12
773
Convert 27a8 (base 13) to base 10.
5715
40b (base 12) to base 14
2dd
Convert -19b (base 14) to base 13.
-1c8
-1100111010111010 (base 2) to base 13
-1b11c
-23121 (base 5) to base 11
-1280
Convert -2327 (base 9) to base 15.
-7a1
Convert 8472 (base 13) to base 3.
221011110
What is -323 (base 8) in base 14?
-111
What is -1442 (base 11) in base 16?
-745
What is 2650 (base 9) in base 7?
5541
-57 (base 12) to base 11
-61
-214 (base 12) to base 14
-17a
What is -104 (base 10) in base 4?
-1220
-41242 (base 6) to base 9
-7478
What is 197 (base 13) in base 12?
205
What is 144215 (base 6) in base 12?
806b
What is 334042 (base 6) in base 4?
12313022
What is 64123 (base 7) in base 9?
23654
Convert -33b (base 12) to base 11.
-3a6
What is 156 (base 16) in base 5?
2332
-a1 (base 16) to base 8
-241
What is 12121 (base 3) in base 9?
177
19ab (base 14) to base 5
122114
Convert -110213 (base 4) to base 2.
-10100100111
What is 410 (base 6) in base 11?
127
What is -4067 (base 10) in base 12?
-242b
Convert -30635 (base 10) to base 6.
-353455
-20642 (base 8) to base 3
-102210220
-1000111 (base 2) to base 5
-241
171 (base 8) to base 13
94
What is 140 (base 6) in base 12?
50
Convert -402a (base 12) to base 3.
-100112021
Convert 120222101 (base 3) to base 13.
53bc
-347 (base 16) to base 2
-1101000111
Convert -d9c (base 15) to base 3.
-11012210
-7972 (base 10) to base 11
-5a98
Convert -36516 (base 8) to base 3.
-210112021
-278bb (base 13) to base 6
-1330343
-256d (base 14) to base 7
-25066
Convert -141 (base 12) to base 13.
-11b
Convert 295 (base 12) to base 13.
24b
11000011 (base 2) to base 5
1240
What is -198 (base 15) in base 8?
-560
647 (base 13) to base 7
3062
What is -cc78 (base 15) in base 14?
-11adb
-7081 (base 9) to base 16
-1438
What is 1e2 (base 16) in base 7?
1256
-1050 (base 7) to base 5
-3003
Convert 1680 (base 11) to base 14.
ad3
What is -62757 (base 9) in base 12?
-1bb97
Convert -1020202 (base 4) to base 8.
-11042
What is -101010000 (base 2) in base 16?
-150
What is 150 (base 7) in base 8?
124
11294 (base 12) to base 15
6b94
10452 (base 11) to base 16
3b4e
What is -28ec (base 15) in base 16?
-2244
Convert -12202012 (base 3) to base 15.
-1395
Convert -688 (base 9) to base 2.
-1000110110
Convert 10120002202 (base 3) to base 12.
34662
What is -248 (base 9) in base 12?
-152
Convert -147 (base 16) to base 4.
-11013
-114133 (base 7) to base 2
-101000010101101
-19132 (base 10) to base 9
-28217
What is -2202201 (base 3) in base 13?
-bc2
Convert 326 (base 12) to base 15.
20c
Convert -2117 (base 10) to base 11.
-1655
Convert 54122 (base 7) to base 14.
4c82
1011101001100 (base 2) to base 16
174c
What is -3280 (base 12) in base 13?
-26c4
Convert -1110011001 (base 2) to base 9.
-1233
What is -2203213 (base 4) in base 9?
-15324
-26136 (base 9) to base 12
-a236
What is -5a28 (base 12) in base 8?
-23600
b91a (base 16) to base 2
1011100100011010
What is 1335 (base 7) in base 11?
42a
-20526 (base 9) to base 12
-7a13
What is 606 (base 10) in base 8?
1136
-20122100 (base 3) to base 14
-1a9c
Convert 0 (base 11) to base 8.
0
-124 (base 7) to base 9
-74
What is -234 (base 14) in base 10?
-438
-1220330 (base 4) to base 15
-1ecb
What is 18991 (base 10) in base 8?
45057
-5a8 (base 11) to base 14
-399
Convert -2701 (base 15) to base 7.
-33163
What is -11001111 (base 2) in base 6?
-543
Convert -1010110001001 (base 2) to base 5.
-134023
-323233 (base 4) to base 6
-25411
793 (base 13) to base 15
5bd
What is 131402 (base 5) in base 13?
24c1
-955 (base 12) to base 4
-111101
What is -100001100 (base 2) in base 13?
-178
What is 61 (base 13) in base 5?
304
Convert 389b (base 15) to base 14.
4583
What is 6a4 (base 12) in base 13?
5b0
What is -661 (base 11) in base 3?
-1002101
-143164 (base 7) to base 16
-6b8f
What is -2020223 (base 4) in base 8?
-21053
What is -440 (base 6) in base 10?
-168
-16370 (base 12) to base 2
-111101110000100
What is -274 (base 16) in base 8?
-1164
What is -21860 (base 10) in base 11?
-15473
What is -4351 (base 7) in base 6?
-11111
1cc (base 14) to base 6
1424
-b5da (base 14) to base 9
-47010
Convert -13135 (base 7) to base 16.
-db1
280 (base 10) to base 13
187
Convert -14e2a (base 15) to base 6.
-1235351
1791 (base 10) to base 15
7e6
Convert -2001 (base 6) to base 13.
-274
8940 (base 11) to base 13
5493
Convert -10110000010111 (base 2) to base 11.
-8531
What is 534 (base 15) in base 2?
10010010110
Convert -13957 (base 11) to base 7.
-111453
What is -1011101111 (base 2) in base 11?
-623
Convert -18053 (base 11) to base 13.
-b6ca
What is -10020100 (base 3) in base 10?
-2358
Convert 420 (base 8) to base 11.
228
What is 1200 (base 6) in base 15?
143
What is -4624 (base 10) in base 6?
-33224
3066 (base 9) to base 4
203013
34 (base 8) to base 9
31
-247020 (base 8) to base 5
-10214040
What is 4b8 (base 12) in base 8?
1314
Convert 807 (base 10) to base 9.
1086
Convert -1355 (base 9) to base 14.
-530
Convert -5606 (base 7) to base 3.
-2202122
-57990 (base 11) to base 12
-4053a
Convert -1830 (base 13) to base 11.
-2772
Convert 5526 (base 16) to base 12.
10746
-102100200 (base 3) to base 2
-10000001011000
-1d85 (base 15) to base 10
-6425
Convert -1011011011 (base 2) to base 9.
-1002
10001100000 (base 2) to base 14
5a0
-123360 (base 8) to base 6
-525504
Convert -100011000 (base 2) to base 13.
-187
What is -13230 (base 5) in base 14?
-561
-1205 (base 6) to base 11
-247
What is 8664 (base 9) in base 16?
18e8
What is -101001011001010 (base 2) in base 6?
-242042
-34a6 (base 16) to 